{"id":170,"date":"2020-04-14T10:39:32","date_gmt":"2020-04-14T10:39:32","guid":{"rendered":"https:\/\/twoesexvip.com\/shopping\/?page_id=170"},"modified":"2020-04-14T10:40:24","modified_gmt":"2020-04-14T10:40:24","slug":"privacidad","status":"publish","type":"page","link":"https:\/\/twoesexvip.com\/shopping\/privacidad\/","title":{"rendered":"PRIVACIDAD"},"content":{"rendered":"\n<p>\u201cSHOPPING TWOESEXVIP\u201d se encuentra profundamente comprometido con el cumplimiento de la normativa espa\u00f1ola y europea de protecci\u00f3n de datos de car\u00e1cter personal, y garantiza el cumplimiento \u00edntegro de las obligaciones dispuestas, as\u00ed como la implementaci\u00f3n de las medidas de seguridad dispuestas en el Reglamento General de Protecci\u00f3n de Datos (RGPD) (UE) 2016\/679 y en Ley Org\u00e1nica 3\/2018, de 5 de diciembre, sobre protecci\u00f3n de datos y derechos digitales (LOPD y GDD, en adelante LOPD).<\/p>\n\n\n\n<p>De conformidad con estas normativas, informamos que la utilizaci\u00f3n de nuestro blog puede requerir que se faciliten ciertos datos personales a trav\u00e9s de formularios de registro o contacto, o mediante el env\u00edo de emails, y que \u00e9stos ser\u00e1n objeto de tratamiento por \u201cSHOPPING TWOESEXVIP\u201d, Responsable del tratamiento, cuyos datos son:<\/p>\n\n\n\n<p>\u00b7 Denominaci\u00f3n Social: Sara Isabela Rodas Lirio<\/p>\n\n\n\n<p>\u00b7 eMail: shopping@twoesexvip.com<\/p>\n\n\n\n<p>Obtenci\u00f3n y Tratamiento de Datos Personales<\/p>\n\n\n\n<p>Un dato personal es cualquier informaci\u00f3n relativa a una persona: nombre, email, domicilio, tel\u00e9fono, NIF\/NIE\u2026 Adicionalmente, cuando un Usuario visita nuestro sitio web, determinada informaci\u00f3n se almacena autom\u00e1ticamente por motivos t\u00e9cnicos, como la direcci\u00f3n IP asignada por su proveedor de acceso a Internet.<\/p>\n\n\n\n<p>\u201cSHOPPING TWOESEXVIP\u201d, como Responsable del Tratamiento, tiene el deber de informar a los Usuarios de su sitio web acerca de la recogida de datos de car\u00e1cter personal que pueden llevarse a cabo, bien sea mediante el env\u00edo de correo electr\u00f3nico o al cumplimentar los formularios incluidos en el sitio web.<\/p>\n\n\n\n<p>Se obtendr\u00e1n \u00fanicamente los datos precisos para poder realizar el servicio contratado, o para poder responder adecuadamente a la petici\u00f3n de informaci\u00f3n realizada por el Usuario. Los datos recabados son identificativos y corresponden a un m\u00ednimo razonable para poder llevar a t\u00e9rmino la actividad realizada. En particular, no se recogen datos especialmente protegidos en ning\u00fan momento. En ning\u00fan caso se realizar\u00e1 un uso diferente de los datos que la finalidad para los que han sido recabados.<\/p>\n\n\n\n<p>Formularios de contacto\/email<\/p>\n\n\n\n<p>Finalidad: Dar contestaci\u00f3n a su solicitud de informaci\u00f3n realizada a trav\u00e9s de nuestro\/s formulario\/s de contacto.<\/p>\n\n\n\n<p>Legitimaci\u00f3n: La base jur\u00eddica que legitima este tratamiento es el consentimiento del Usuario, que podr\u00e1 revocar en cualquier momento.<\/p>\n\n\n\n<p>Cesi\u00f3n de datos: Los datos personales ser\u00e1n tratados a trav\u00e9s de servidores gestionados por 1&amp;1, que tendr\u00e1 la consideraci\u00f3n de Encargado del Tratamiento.<\/p>\n\n\n\n<p>Formularios de registro\/alta de cliente\/<\/p>\n\n\n\n<p>Finalidades:<\/p>\n\n\n\n<p>\u00b7 Gestionar su alta de Usuario en nuestra p\u00e1gina web.<\/p>\n\n\n\n<p>\u00b7 Gestionar las compras realizadas.<\/p>\n\n\n\n<p>\u00b7 Proporcionar informaci\u00f3n acerca de la tramitaci\u00f3n y el estado de las compras.<\/p>\n\n\n\n<p>\u00b7 Registro hist\u00f3rico de las compras realizadas en nuestra p\u00e1gina web.<\/p>\n\n\n\n<p>\u00b7 Env\u00edo de comunicaciones v\u00eda email y\/o tel\u00e9fono, con el fin de informar al Usuario de posibles incidencias, errores, problemas y\/o estado de los pedidos.<\/p>\n\n\n\n<p>Legitimaci\u00f3n: La base jur\u00eddica que legitima este tratamiento es la ejecuci\u00f3n de un contrato.<\/p>\n\n\n\n<p>Cesi\u00f3n de datos: \u201cSHOPPING TWOESEXVIP\u201d no ceder\u00e1 ni comunicar\u00e1 a ning\u00fan tercero tus datos, excepto en los casos legalmente previstos o cuando la prestaci\u00f3n de un servicio implique la necesidad de una relaci\u00f3n contractual con un Encargado de Tratamiento. As\u00ed, el Usuario acepta que algunos de los datos personales recabados sean facilitados a estos Encargados del Tratamiento (plataformas de pago, gestor\u00eda, intermediarios, etc.), cuando sea necesario para la efectiva realizaci\u00f3n de un servicio contratado o producto adquirido. El Usuario acepta tambi\u00e9n que alguno de los servicios puedan ser, total o parcialmente, subcontratados a otras personas o empresas, que tendr\u00e1n la consideraci\u00f3n de Encargados del Tratamiento, con los que se ha convenido el correspondiente contrato de confidencialidad, o adherido a sus pol\u00edticas de privacidad, establecidas en sus respectivas p\u00e1ginas web. El Usuario podr\u00e1 negarse a la cesi\u00f3n de tus datos a los Encargados del Tratamiento, mediante petici\u00f3n escrita, por cualquiera de los medios anteriormente referenciados.<\/p>\n\n\n\n<p>Adem\u00e1s, en aquellos casos en que sea necesario, los datos de Clientes podr\u00e1n ser cedidos a determinados organismos, en cumplimiento de una obligaci\u00f3n legal: Agencia Tributaria Espa\u00f1ola, entidades bancarias, Inspecci\u00f3n de Trabajo, etc.<\/p>\n\n\n\n<p>Menores de edad<\/p>\n\n\n\n<p>Solo podr\u00e1n usar este sitio web las personas mayores de 14 a\u00f1os. Seg\u00fan obliga la LOPD y GDD, en caso de menores de 14 a\u00f1os, ser\u00e1 condici\u00f3n obligatoria el consentimiento de sus padres o tutores para que podamos tratar sus datos personales.<\/p>\n\n\n\n<p>Registro de Usuarios<\/p>\n\n\n\n<p>Cuando el Usuario realiza su registro a trav\u00e9s del formulario correspondiente, la informaci\u00f3n que recopilamos incluye:<\/p>\n\n\n\n<p>\u00b7 Nombre y apellidos<\/p>\n\n\n\n<p>\u00b7 Email y\/o tel\u00e9fono<\/p>\n\n\n\n<p>\u00b7 Direcciones de env\u00edo<\/p>\n\n\n\n<p>\u00b7 IP<\/p>\n\n\n\n<p>\u00b7 Nombre de Usuario\/contrase\u00f1a<\/p>\n\n\n\n<p>Adem\u00e1s, el Usuario deber\u00e1 aceptar los t\u00e9rminos y condiciones. Las contrase\u00f1as son a gusto del Usuario. No caducan. Para recuperar la contrase\u00f1a el Usuario debe ir al formulario espec\u00edfico e introducir su email.<\/p>\n\n\n\n<p>El Usuario, una vez registrado, tiene acceso a un panel privado, en el que podr\u00e1 ver determinados contenidos, registro de compras realizadas, etc. Tambi\u00e9n puede gestionar opciones de su cuenta, como la contrase\u00f1a o datos de Usuario.<\/p>\n\n\n\n<p>El Usuario podr\u00e1 recibir las siguientes notificaciones:<\/p>\n\n\n\n<p>\u00b7 Al darse de alta en la plataforma (email de validaci\u00f3n de cuenta).<\/p>\n\n\n\n<p>\u00b7 Al realizar compras, tales como el justificante de las mismas, incidencias, env\u00edos realizados, etc.<\/p>\n\n\n\n<p>\u00b7 Por recuperaci\u00f3n de contrase\u00f1a (especificada en el campo anterior).<\/p>\n\n\n\n<p>En \u201cSHOPPING TWOESEXVIP\u201d bloquearemos una cuenta de Usuario si comete acciones sospechosas o fraudulentas. Las cuentas de Usuario no se eliminan por falta de uso. Para eliminar una cuenta, el Usuario debe solicitarlo a trav\u00e9s de su panel de Usuario, o contactando con nosotros.<\/p>\n\n\n\n<p>Medidas de Seguridad<\/p>\n\n\n\n<p>Se informa a los Usuarios de esta web que \u201cSHOPPING TWOESEXVIP\u201d ha adoptado las medidas de seguridad t\u00e9cnicas, organizativas y de seguridad a nuestro alcance para evitar la p\u00e9rdida, mal uso, alteraci\u00f3n, acceso no autorizado y robo de los datos, y que garantizan as\u00ed la confidencialidad, integridad y calidad de la informaci\u00f3n contenida en las mismas, de acuerdo con lo establecido en la normativa vigente en protecci\u00f3n de datos. Los datos personales que se recogen en los formularios son objeto de tratamiento, \u00fanicamente, por parte del personal de \u201cSHOPPING TWOESEXVIP\u201d o de los Encargados del Tratamiento designados.<\/p>\n\n\n\n<p>El Sitio Web de \u201cSHOPPING TWOESEXVIP\u201d cuenta adem\u00e1s con un cifrado SSL, que permite al Usuario el env\u00edo seguro de sus datos personales a trav\u00e9s de los formularios de contacto o registro del sitio web.<\/p>\n\n\n\n<p>Veracidad de los datos<\/p>\n\n\n\n<p>El Usuario manifiesta que todos los datos facilitados por \u00e9l son ciertos y correctos y se compromete a mantenerlos actualizados. El Usuario responder\u00e1 de la veracidad de sus datos y ser\u00e1 el \u00fanico responsable de cuantos conflictos o litigios pudieran resultar por la falsedad de los mismos. Es importante que, para que podamos mantener los datos personales actualizados, el Usuario informe a \u201cSHOPPING TWOESEXVIP\u201d siempre que haya habido alguna modificaci\u00f3n en los mismos.<\/p>\n\n\n\n<p>Ejercicio de Derechos del Usuario<\/p>\n\n\n\n<p>La LOPD y GDD y el RGPD conceden a los interesados la posibilidad de ejercer una serie de derechos relacionados con el tratamiento de sus datos personales. Para ello, el Usuario deber\u00e1 dirigirse, aportando documentaci\u00f3n que acredite su identidad (DNI o pasaporte), mediante correo electr\u00f3nico a shopping@twoesexvip.com, o bien mediante comunicaci\u00f3n escrita a la direcci\u00f3n que aparece en nuestro Aviso Legal. Dicha comunicaci\u00f3n deber\u00e1 reflejar la siguiente informaci\u00f3n: nombre y apellidos del Usuario, la petici\u00f3n de solicitud, el domicilio y los datos acreditativos.<\/p>\n\n\n\n<p>El ejercicio de derechos deber\u00e1 ser realizado por el propio Usuario. No obstante, podr\u00e1n ser ejecutados por una persona autorizada como representante legal del Usuario, aport\u00e1ndose la documentaci\u00f3n que acredite dicha representaci\u00f3n.<\/p>\n\n\n\n<p>El Usuario podr\u00e1 solicitar el ejercicio de los derechos siguientes:<\/p>\n\n\n\n<p>\u00b7 Derecho a solicitar el acceso a los datos personales, que es el derecho a obtener informaci\u00f3n sobre si sus propios datos de car\u00e1cter personal est\u00e1n siendo objeto de tratamiento, la finalidad del tratamiento que, en su caso, se est\u00e9 realizando, as\u00ed como la informaci\u00f3n disponible sobre el origen de dichos datos y las comunicaciones realizadas o previstas de los mismos.<\/p>\n\n\n\n<p>\u00b7 Derecho a solicitar su rectificaci\u00f3n, en caso de que los datos personales sean incorrectos o inexactos, o supresi\u00f3n de los datos que resulten ser inadecuados o excesivos.<\/p>\n\n\n\n<p>\u00b7 Derecho a solicitar la limitaci\u00f3n de su tratamiento, en cuyo caso \u00fanicamente ser\u00e1n conservados por \u201cSHOPPING TWOESEXVIP\u201d los datos estrictamente necesarios para el ejercicio o la defensa de reclamaciones.<\/p>\n\n\n\n<p>\u00b7 Derecho a oponerse al tratamiento: se refiere al derecho del interesado a que no se lleve a cabo el tratamiento de sus datos personales o se cese en el mismo en los supuestos en que no sea necesario su consentimiento para el tratamiento, que se trate de ficheros de prospecci\u00f3n comerciales o que tengan la finalidad de adoptar decisiones referidas al interesado y basadas \u00fanicamente en el tratamiento automatizado de sus datos, salvo que por motivos leg\u00edtimos o el ejercicio o la defensa de posibles reclamaciones se tengan que seguir tratando.<\/p>\n\n\n\n<p>\u00b7 Derecho a la portabilidad de los datos: en caso de que quiera que sus datos sean tratados por otra empresa, \u201cSHOPPING TWOESEXVIP\u201d le facilitar\u00e1 la portabilidad de sus datos en formato exportable.<\/p>\n\n\n\n<p>En el caso de que se haya otorgado el consentimiento para alguna finalidad espec\u00edfica, el Usuario tiene derecho a retirar el consentimiento en cualquier momento, sin que ello afecte a la licitud del tratamiento basado en el consentimiento previo a su retirada.<\/p>\n\n\n\n<p>No comprometemos a ejecutar todos estos derechos dentro del plazo legal m\u00e1ximo establecido de 10 d\u00edas h\u00e1biles.<\/p>\n\n\n\n<p>Si un Usuario considera que hay un problema con la forma en que \u201cSHOPPING TWOESEXVIP\u201d est\u00e1 manejando sus datos, puede dirigir sus reclamaciones al Responsable de Seguridad o a la autoridad de protecci\u00f3n de datos que corresponda, siendo la Agencia Espa\u00f1ola de Protecci\u00f3n de Datos la indicada en el caso de Espa\u00f1a.<\/p>\n\n\n\n<p>Conservaci\u00f3n de los datos<\/p>\n\n\n\n<p>Los datos de car\u00e1cter personal de los Usuarios que usen el formulario de contacto o que nos env\u00eden un email solicitando informaci\u00f3n ser\u00e1n tratados durante el tiempo estrictamente necesario para atender a la solicitud de informaci\u00f3n, o hasta que se revoque el consentimiento otorgado.<\/p>\n\n\n\n<p>Los datos de car\u00e1cter personal del Cliente ser\u00e1n tratados hasta que finalice la relaci\u00f3n contractual. El per\u00edodo de conservaci\u00f3n de los datos personales ser\u00e1 el m\u00ednimo necesario, pudiendo mantenerse hasta:<\/p>\n\n\n\n<p>\u00b7 4 a\u00f1os: Ley sobre Infracciones y Sanciones en el Orden Social (obligaciones en materia de afiliaci\u00f3n, altas, bajas, cotizaci\u00f3n, pago de salarios\u2026); Arts. 66 y sig. Ley General Tributaria (libros de contabilidad\u2026)<\/p>\n\n\n\n<p>\u00b7 5 a\u00f1os: Art. 1964 C\u00f3digo Civil (acciones personales sin plazo especial)<\/p>\n\n\n\n<p>\u00b7 6 a\u00f1os: Art. 30 C\u00f3digo de Comercio (libros de contabilidad, facturas\u2026)<\/p>\n\n\n\n<p>\u00b7 10 a\u00f1os: Art. 25 Ley de Prevenci\u00f3n del Blanqueo de Capitales y Financiaci\u00f3n del Terrorismo.<\/p>\n\n\n\n<p>\u00b7 Sin plazo: datos desagregados y anonimizados.<\/p>\n\n\n\n<p>Redes Sociales<\/p>\n\n\n\n<p>\u201cSHOPPING TWOESEXVIP\u201d cuenta con perfil en algunas de las principales redes sociales de Internet (Facebook, Twitter, Instagram, Youtube), reconoci\u00e9ndose en todos los casos Responsable del tratamiento de los datos de sus seguidores, fans, suscriptores, comentaristas y otros perfiles de Usuarios (en adelante, seguidores) publicados por \u201cSHOPPING TWOESEXVIP\u201d.<\/p>\n\n\n\n<p>La finalidad del tratamiento de datos por parte de \u201cSHOPPING TWOESEXVIP\u201d, cuando la ley no lo proh\u00edba, ser\u00e1 la de informar a sus seguidores sobre sus actividades y ofertas, por cualquier v\u00eda que la red social permita, as\u00ed como prestar servicio personalizado de atenci\u00f3n al Usuario. La base jur\u00eddica que legitima este tratamiento ser\u00e1 el consentimiento del interesado, que podr\u00e1 revocar en cualquier momento.<\/p>\n\n\n\n<p>En ning\u00fan caso \u201cSHOPPING TWOESEXVIP\u201d extraer\u00e1 datos de las redes sociales, a menos que se obtuviera puntual y expresamente el consentimiento del Usuario para ello (por ejemplo, para la realizaci\u00f3n de un concurso).<\/p>\n\n\n\n<p>Confidencialidad<\/p>\n\n\n\n<p>La informaci\u00f3n suministrada por el Usuario tendr\u00e1, en todo caso, la consideraci\u00f3n de confidencial, sin que pueda ser utilizada para otros fines distintos a los aqu\u00ed descritos. \u201cSHOPPING TWOESEXVIP\u201d se obliga a no divulgar ni revelar informaci\u00f3n sobre las pretensiones del Usuario, los motivos del asesoramiento solicitado o la duraci\u00f3n de su relaci\u00f3n con \u00e9ste.<\/p>\n\n\n\n<p>Validez<\/p>\n\n\n\n<p>Esta pol\u00edtica de privacidad y de protecci\u00f3n de datos ha sido redactada por EXPERTOS LOPD\u00ae, empresa de RGPD, a d\u00eda 27 de septiembre de 2019, y podr\u00e1 variar en funci\u00f3n de los cambios de normativa y jurisprudencia que se vayan produciendo, siendo responsabilidad del titular de los datos la lectura del documento actualizado, en orden a conocer sus derechos y obligaciones al respecto en cada momento.<\/p>\n\n\n\n<p>Pol\u00edtica De Cookies<\/p>\n\n\n\n<p>En cumplimiento de la Ley 34\/2002, de 11 de julio, de Servicios de la Sociedad de la Informaci\u00f3n y Comercio Electr\u00f3nico informamos al Usuario de la utilizaci\u00f3n de cookies en la web de \u201cSHOPPING TWOESEXVIP\u201d.<\/p>\n\n\n\n<p>Una cookie es un fichero que se descarga en el ordenador o el dispositivo del Usuario (smartphone, tableta, televisi\u00f3n conectada\u2026.) al acceder a determinadas p\u00e1ginas web. Las cookies permiten, entre otras cosas, recopilar informaci\u00f3n estad\u00edstica, facilitar ciertas funcionalidades t\u00e9cnicas, almacenar y recuperar informaci\u00f3n sobre los h\u00e1bitos de navegaci\u00f3n o preferencias de un Usuario o de su equipo y, dependiendo de la informaci\u00f3n que contengan y de la forma en que utilice su equipo, pueden utilizarse para reconocer al Usuario, recordar aspectos del Usuario como su idioma, pa\u00eds, navegador, etc. En caso de no querer recibir cookies, el Usuario podr\u00e1 configurar su navegador para que las borre del disco duro de su ordenador, las bloquee o le avise en su caso de instalaci\u00f3n de las mismas. Para continuar sin cambios en la configuraci\u00f3n de las cookies, simplemente, contin\u00faa navegando en la p\u00e1gina web.<\/p>\n\n\n\n<p>Configuraci\u00f3n de cookies<\/p>\n\n\n\n<p>El Usuario puede permitir, bloquear o eliminar las cookies instaladas en su equipo mediante la configuraci\u00f3n de las opciones de su navegador. Puedes encontrar informaci\u00f3n sobre c\u00f3mo hacerlo, en relaci\u00f3n con los navegadores m\u00e1s comunes, en los links que se incluyen a continuaci\u00f3n:<\/p>\n\n\n\n<p>-Para Internet Explorer\u2122 -Para Safari\u2122 -Para Chrome\u2122 -Para Firefox\u2122 -Para Opera\u2122 -Para Edge\u2122<\/p>\n\n\n\n<p>Aceptaci\u00f3n de cookies<\/p>\n\n\n\n<p>Al acceder a este sitio web por primera vez, ver\u00e1s una ventana d\u00f3nde se informa de la utilizaci\u00f3n de las cookies y donde puedes consultar esta \u201cPol\u00edtica de cookies\u201d. Puedes cambiar la configuraci\u00f3n de cookies en cualquier momento, configurando el navegador para aceptar, o no, las cookies que recibes o para que el navegador te avise cuando un servidor quiera guardar una cookie. Te informamos de que, en el caso de bloquear o no aceptar la instalaci\u00f3n de cookies, es posible que ciertos servicios no est\u00e9n disponibles sin la utilizaci\u00f3n de \u00e9stas o que no pueda acceder a determinados servicios ni tampoco aprovechar por completo todo lo que nuestra web ofrece.<\/p>\n\n\n\n<p>\u201cSHOPPING TWOESEXVIP\u201d te agradece que consientas la aceptaci\u00f3n de cookies, esto nos ayuda a obtener datos m\u00e1s precisos que nos permiten mejorar el contenido y el dise\u00f1o de nuestras p\u00e1ginas webs para adaptarlas a tus preferencias.<\/p>\n","protected":false},"excerpt":{"rendered":"<p>\u201cSHOPPING TWOESEXVIP\u201d se encuentra profundamente comprometido con el cumplimiento de la normativa espa\u00f1ola y europea de protecci\u00f3n de datos de car\u00e1cter personal, y garantiza el cumplimiento \u00edntegro de las obligaciones dispuestas, as\u00ed como la implementaci\u00f3n de las medidas de seguridad dispuestas en el Reglamento General de Protecci\u00f3n de Datos (RGPD) (UE) 2016\/679 y en Ley [&hellip;]<\/p>\n","protected":false},"author":1,"featured_media":0,"parent":0,"menu_order":0,"comment_status":"closed","ping_status":"closed","template":"","meta":[],"_links":{"self":[{"href":"https:\/\/twoesexvip.com\/shopping\/wp-json\/wp\/v2\/pages\/170"}],"collection":[{"href":"https:\/\/twoesexvip.com\/shopping\/wp-json\/wp\/v2\/pages"}],"about":[{"href":"https:\/\/twoesexvip.com\/shopping\/wp-json\/wp\/v2\/types\/page"}],"author":[{"embeddable":true,"href":"https:\/\/twoesexvip.com\/shopping\/wp-json\/wp\/v2\/users\/1"}],"replies":[{"embeddable":true,"href":"https:\/\/twoesexvip.com\/shopping\/wp-json\/wp\/v2\/comments?post=170"}],"version-history":[{"count":2,"href":"https:\/\/twoesexvip.com\/shopping\/wp-json\/wp\/v2\/pages\/170\/revisions"}],"predecessor-version":[{"id":173,"href":"https:\/\/twoesexvip.com\/shopping\/wp-json\/wp\/v2\/pages\/170\/revisions\/173"}],"wp:attachment":[{"href":"https:\/\/twoesexvip.com\/shopping\/wp-json\/wp\/v2\/media?parent=170"}],"curies":[{"name":"wp","href":"https:\/\/api.w.org\/{rel}","templated":true}]}}